9?
-365
-4ad (base 16) to base 14
-617
What is b14 (base 15) in base 14?
ca2
What is 2122001201 (base 3) in base 15?
1053a
3b9 (base 16) to base 4
32321
What is 314 (base 6) in base 14?
86
504 (base 9) to base 5
3114
148 (base 12) to base 7
404
10111310 (base 4) to base 12
a358
What is -385 (base 15) in base 7?
-2222
-80 (base 13) to base 4
-1220
1010212202 (base 3) to base 10
22511
41 (base 14) to base 16
39
61784 (base 9) to base 10
40738
What is -411 (base 9) in base 13?
-1c9
-4233 (base 5) to base 13
-349
-1432 (base 8) to base 10
-794
What is -210 (base 14) in base 10?
-406
269 (base 11) to base 14
189
What is -21103 (base 4) in base 6?
-2431
12323020 (base 4) to base 8
67310
-252 (base 14) to base 3
-122012
Convert 529 (base 14) to base 12.
709
Convert -177 (base 15) to base 2.
-101010001
What is -21a1 (base 12) in base 4?
-322021
What is -5632 (base 8) in base 9?
-4060
Convert -1202020 (base 3) to base 5.
-20100
eb30 (base 15) to base 10
49770
54b (base 13) to base 14
48c
Convert 1527 (base 9) to base 4.
102013
What is 12021201 (base 3) in base 16?
f0d
4317 (base 12) to base 7
30316
Convert 6606 (base 7) to base 5.
33413
What is -115 (base 12) in base 15?
-ab
What is 20350 (base 6) in base 15?
c20
Convert -121121122 (base 3) to base 12.
-7015
Convert -1146 (base 13) to base 9.
-3283
What is -21212231 (base 4) in base 7?
-222461
73 (base 15) to base 4
1230
-445321 (base 7) to base 16
-13375
14450 (base 8) to base 13
2c15
24031 (base 5) to base 12
1032
Convert -16e (base 15) to base 6.
-1305
What is 6748 (base 16) in base 11?
18957
What is 311 (base 5) in base 14?
5b
Convert 84020 (base 9) to base 11.
38704
What is 397 (base 10) in base 11?
331
-22060 (base 7) to base 5
-134110
31 (base 4) to base 6
21
What is 237 (base 12) in base 8?
513
186d (base 16) to base 14
23c9
Convert -139 (base 13) to base 7.
-430
-920 (base 10) to base 16
-398
Convert 1360 (base 7) to base 8.
1024
199a2 (base 12) to base 8
111512
What is -38d (base 15) in base 7?
-2233
Convert -725 (base 13) to base 10.
-1214
-11131233 (base 4) to base 16
-576f
What is -4d3 (base 14) in base 3?
-1022220
Convert 185 (base 11) to base 13.
136
84782 (base 9) to base 14
165d3
Convert -22 (base 10) to base 9.
-24
What is 20d5 (base 14) in base 15?
1a35
What is -2a7 (base 16) in base 2?
-1010100111
Convert -3601 (base 7) to base 9.
-1731
-6041 (base 13) to base 4
-3032303
-21213 (base 4) to base 3
-211210
-27a (base 11) to base 2
-101001001
442 (base 10) to base 9
541
What is 2111033 (base 4) in base 9?
14082
What is -c6c (base 14) in base 10?
-2448
Convert -1201341 (base 5) to base 2.
-101011001010000
Convert -1714 (base 16) to base 11.
-4491
What is 5640 (base 8) in base 4?
232200
Convert -2154 (base 6) to base 4.
-13312
What is 425 (base 11) in base 7?
1330
Convert -1122 (base 5) to base 8.
-242
-731 (base 9) to base 13
-36a
Convert 215 (base 11) to base 16.
102
-15681 (base 9) to base 3
-112202201
30823 (base 10) to base 4
13201213
4144004 (base 5) to base 12
33871
-242b (base 13) to base 8
-11763
-143265 (base 7) to base 5
-1340320
What is -1101001110000 (base 2) in base 8?
-15160
What is 101101001011 (base 2) in base 7?
11300
What is -334513 (base 6) in base 8?
-67155
Convert -2211011 (base 3) to base 14.
-a6c
What is -1020021021 (base 3) in base 5?
-1234003
Convert 201 (base 4) to base 11.
30
Convert 137 (base 10) to base 7.
254
-8a6 (base 13) to base 9
-2033
Convert 25413 (base 6) to base 15.
1200
What is -1587 (base 10) in base 8?
-3063
-93 (base 12) to base 2
-1101111
What is 1112222 (base 3) in base 10?
1133
1141 (base 10) to base 4
101311
Convert 456 (base 14) to base 4.
31130
2330 (base 6) to base 8
1056
What is -20116 (base 9) in base 8?
-31642
2607 (base 12) to base 13
1c7b
Convert 62326 (base 7) to base 13.
6c3a
27350 (base 8) to base 15
3858
101122201 (base 3) to base 5
222033
803 (base 11) to base 2
1111001011
What is -4b6 (base 12) in base 8?
-1312
8622 (base 15) to base 16
6ede
-329 (base 13) to base 5
-4132
Convert 43340 (base 5) to base 4.
232122
Convert 2806 (base 11) to base 12.
2130
Convert 219 (base 12) to base 6.
1233
111210 (base 3) to base 12
270
446 (base 11) to base 13
321
3 (base 16) to base 15
3
What is 620 (base 9) in base 3?
200200
What is -a8 (base 11) in base 6?
-314
What is 223301 (base 4) in base 16?
af1
Convert -c655 (base 15) to base 12.
-20322
What is -12000102 (base 3) in base 14?
-1492
What is 13444 (base 5) in base 10?
1124
Convert 1000000001010 (base 2) to base 4.
1000022
What is -97d0 (base 16) in base 2?
-1001011111010000
What is 575 (base 14) in base 10?
1083
101110110101101 (base 2) to base 14
8a4d
Convert -6470 (base 9) to base 3.
-20112100
Convert -1577 (base 8) to base 7.
-2416
What is a2e (base 16) in base 12?
1612
What is 41201 (base 7) in base 3?
111210002
What is 100011011 (base 3) in base 7?
25312
What is 12121 (base 9) in base 11?
6111
What is -1716 (base 8) in base 9?
-1302
3374 (base 9) to base 14
ca5
-43013 (base 6) to base 13
-2874
What is 67 (base 10) in base 7?
124
Convert 18932 (base 10) to base 14.
6c84
-133022 (base 4) to base 9
-2655
What is 142441 (base 6) in base 8?
32371
What is -1c70 (base 13) in base 15?
-142b
Convert 8a48 (base 11) to base 16.
2e86
Convert -1722 (base 9) to base 2.
-10100100100
Convert -10000010110011 (base 2) to base 15.
-2731
261 (base 11) to base 6
1233
What is 5c8 (base 16) in base 4?
113020
-22011102 (base 3) to base 15
-1b6b
-112 (base 9) to base 8
-134
101100101 (base 2) to base 16
165
2002022 (base 3) to base 16
5f0
-21020111 (base 3) to base 12
-307a
Convert -8656 (base 10) to base 16.
-21d0
What is -1031400 (base 5) in base 16?
-453d
Convert 2352 (base 14) to base 6.
44244
What is 221002 (base 3) in base 8?
1245
100210 (base 5) to base 4
301230
Convert 1324241 (base 5) to base 12.
13631
What is -b9a5 (base 12) in base 13?
-93b6
Convert 1a7d (base 14) to base 15.
1660
What is 36046 (base 7) in base 14?
355d
Convert 3530 (base 11) to base 6.
33235
Convert 5b8 (base 12) to base 14.
456
What is 10000000022 (base 3) in base 2?
1110011010110001
Convert 5789 (base 10) to base 16.
169d
Convert 186 (base 12) to base 4.
3312
What is -106503 (base 7) in base 10?
-19113
What is 2020 (base 4) in base 8?
210
Convert -501 (base 13) to base 9.
-1140
-2212021 (base 3) to base 2
-100000100110
Convert -145 (base 8) to base 11.
-92
What is -11144 (base 9) in base 15?
-22e1
What is -29b7 (base 14) in base 7?
-30420
What is -211 (base 3) in base 7?
-31
-101100100101 (base 2) to base 15
-ca3
What is 323333 (base 4) in base 8?
7377
What is -272 (base 8) in base 11?
-15a
What is 20012 (base 7) in base 16?
12cb
Convert 11301 (base 4) to base 10.
369
Convert -1977 (base 11) to base 7.
-10205
1172 (base 14) to base 16
be0
What is 1120011 (base 4) in base 12?
3319
Convert 9899 (base 12) to base 4.
10012311
Convert -7324 (base 9) to base 4.
-1103320
Convert -2302 (base 5) to base 4.
-11013
1997 (base 14) to base 10
4641
-570 (base 13) to base 15
-426
What is -1211 (base 3) in base 7?
-100
100222010 (base 3) to base 13
33cc
Convert -201432 (base 6) to base 16.
-3e3c
Convert -38f8 (base 16) to base 14.
-545a
Convert 7678 (base 12) to base 9.
18812
What is -2a24 (base 11) in base 9?
-5311
Convert 2416 (base 10) to base 7.
10021
What is -2233 (base 5) in base 11?
-26a
Convert 229 (base 14) to base 5.
3204
Convert -1132103 (base 4) to base 3.
-22021112
What is -1137 (base 15) in base 10?
-3652
What is 3356 (base 8) in base 9?
2381
-3024 (base 5) to base 9
-472
12a (base 13) to base 4
3031
What is 1047 (base 11) in base 3?
1220012
Convert 6134 (base 9) to base 15.
14e1
What is 30221 (base 4) in base 12?
575
What is -15629 (base 10) in base 11?
-10819
Convert 11110010 (base 2) to base 12.
182
Convert 5016 (base 7) to base 3.
2101000
What is -93a (base 14) in base 5?
-24231
What is -320332 (base 4) in base 16?
-e3e
What is 397 (base 14) in base 15?
331
Convert 147 (base 10) to base 7.
300
What is 7230 (base 9) in base 4?
1102230
Convert 632 (base 7) to base 9.
382
6958 (base 14) to base 2
100011110000010
Convert -4567 (base 8) to base 12.
-149b
What is 103120 (base 5) in base 13?
17bc
Convert -c40 (base 13) to base 2.
-100000100000
What is 34240 (base 6) in base 3?
20122120
-2048 (base 10) to base 12
-1228
Convert 8